0 and 328500?
4500
What is the highest common divisor of 589 and 217417?
19
Calculate the greatest common factor of 786511 and 72644.
1397
Calculate the highest common factor of 841365460 and 27560.
13780
What is the highest common divisor of 30889 and 96807943?
1817
What is the highest common divisor of 3614480 and 24?
8
What is the greatest common factor of 1452 and 5939648?
484
What is the greatest common factor of 268955775 and 1958?
979
What is the highest common factor of 10718 and 196029?
23
Calculate the greatest common factor of 1888936 and 77875.
623
Calculate the greatest common divisor of 4594746 and 702.
78
Calculate the greatest common divisor of 10434 and 347430.
222
Calculate the highest common factor of 555 and 89118755.
185
What is the greatest common factor of 40393389 and 6?
3
What is the highest common divisor of 628044 and 11246932?
1052
What is the highest common divisor of 4029303 and 2259?
753
What is the highest common factor of 620 and 46163420?
20
Calculate the greatest common factor of 50432 and 713534.
394
Calculate the highest common divisor of 2676861 and 6732.
99
What is the highest common divisor of 1020 and 1253172?
204
What is the highest common factor of 5165 and 27220583?
1033
Calculate the highest common factor of 52185960 and 576.
72
Calculate the highest common divisor of 757 and 332042153.
757
What is the greatest common divisor of 988058 and 210?
2
Calculate the greatest common factor of 52599664 and 2808.
104
Calculate the greatest common factor of 66 and 944349747.
33
What is the greatest common divisor of 149396 and 193596?
884
Calculate the greatest common divisor of 1019394 and 324.
18
What is the greatest common divisor of 188150 and 11449325?
1325
Calculate the greatest common factor of 50 and 37092020.
10
Calculate the greatest common divisor of 843821 and 4551.
41
Calculate the highest common factor of 9590 and 215453.
7
Calculate the highest common factor of 2859992 and 917.
131
What is the highest common divisor of 116289 and 653130?
1593
Calculate the greatest common divisor of 27999 and 6314293.
1037
What is the highest common divisor of 120400 and 5696600?
1400
Calculate the greatest common divisor of 25954 and 253004.
38
What is the highest common factor of 2 and 9298944?
2
Calculate the highest common divisor of 6138275 and 12.
1
Calculate the highest common factor of 497501648 and 168.
56
Calculate the highest common divisor of 5890 and 753331.
589
Calculate the highest common factor of 31114664 and 224.
56
Calculate the greatest common divisor of 38652012 and 348.
348
Calculate the highest common factor of 3218113 and 446.
223
What is the highest common divisor of 2076436 and 21172?
316
What is the highest common factor of 272 and 1396856?
136
Calculate the greatest common factor of 253643 and 872.
109
Calculate the highest common factor of 174350666 and 2786.
2786
Calculate the greatest common factor of 12 and 338176284.
12
What is the greatest common factor of 989 and 3086626?
43
What is the greatest common factor of 33957196 and 2548?
2548
Calculate the highest common divisor of 165558 and 984738.
246
Calculate the highest common factor of 7735 and 14571635.
1105
What is the greatest common factor of 190126208 and 18624?
6208
Calculate the greatest common factor of 2133292 and 112.
28
What is the highest common divisor of 2180 and 8318444?
436
What is the highest common factor of 30160 and 13128880?
2320
Calculate the greatest common factor of 115220 and 43680.
140
Calculate the highest common divisor of 96 and 4442730.
6
What is the greatest common divisor of 4549880 and 60520?
680
What is the highest common divisor of 30 and 663173385?
15
Calculate the greatest common divisor of 168 and 396627.
21
Calculate the greatest common divisor of 858 and 588450720.
858
Calculate the highest common divisor of 37 and 31685653.
37
What is the highest common divisor of 192382 and 223471?
43
Calculate the greatest common factor of 24090649 and 11985.
799
What is the greatest common divisor of 167188 and 97258?
14
What is the greatest common divisor of 36414 and 1314372?
1734
What is the highest common divisor of 53103550 and 92598?
2806
What is the highest common factor of 896 and 1050007?
7
What is the highest common divisor of 1344407443 and 113?
113
Calculate the greatest common factor of 30604153 and 149.
149
Calculate the highest common factor of 20794 and 759262.
562
Calculate the highest common factor of 395 and 390295.
5
Calculate the greatest common divisor of 78383 and 48450587.
761
What is the highest common factor of 2081 and 256745456?
2081
What is the greatest common divisor of 24 and 36243208?
8
What is the greatest common factor of 4360 and 1067120?
40
Calculate the highest common factor of 219837 and 11049.
381
What is the greatest common divisor of 1135392 and 15552?
96
What is the greatest common factor of 22350 and 621350?
50
Calculate the highest common factor of 88049500 and 2860.
220
What is the greatest common factor of 649392 and 526884?
996
Calculate the highest common divisor of 1716953232 and 954.
318
What is the greatest common divisor of 2081517 and 2169?
723
Calculate the highest common factor of 34352 and 84976.
1808
Calculate the highest common factor of 530536 and 819774.
1598
Calculate the greatest common divisor of 392 and 7823648.
56
Calculate the greatest common divisor of 154 and 2209466.
14
What is the highest common factor of 22 and 135196589?
11
What is the greatest common factor of 689102274 and 42?
42
What is the highest common divisor of 58108905 and 2745?
2745
Calculate the greatest common factor of 112155 and 60765.
15
What is the highest common factor of 278690328 and 1869?
1869
Calculate the greatest common divisor of 3834 and 187794.
18
Calculate the highest common divisor of 19143894 and 1089.
363
What is the highest common factor of 123946015 and 1630?
815
Calculate the highest common factor of 32 and 1470704.
16
Calculate the highest common factor of 226252 and 15302467.
4351
What is the highest common factor of 7007 and 8682674?
1001
Calculate the highest common factor of 1047 and 16297253.
349
Calculate the highest common factor of 1014320 and 2770780.
620
Calculate the highest common divisor of 113387796 and 1392.
348
What is the highest common factor of 724240 and 946?
22
Calculate the highest common factor of 3036 and 1406772.
276
Calculate the greatest common divisor of 584825839 and 13.
13
Calculate the highest common factor of 23336822 and 1798.
58
Calculate the highest common factor of 604213 and 20661.
97
Calculate the greatest common factor of 4640 and 14819680.
160
Calculate the greatest common divisor of 3513705 and 52.
13
Calculate the highest common divisor of 80 and 682928.
16
Calculate the highest common divisor of 2436 and 1803739.
7
Calculate the greatest common divisor of 423388 and 882.
14
What is the greatest common divisor of 62888190 and 60?
30
What is the highest common divisor of 6062 and 185374?
14
What is the greatest common factor of 1833 and 15662829?
39
What is the highest common factor of 10298480 and 696000?
2320
Calculate the greatest common divisor of 366 and 51428307.
183
What is the highest common factor of 105647 and 18937?
29
What is the greatest common divisor of 84 and 1280188?
28
What is the greatest common factor of 7035 and 138660?
15
Calculate the greatest common factor of 112013154 and 4554.
198
Calculate the greatest common divisor of 111502 and 191090.
394
What is the highest common factor of 7163996 and 7?
7
What is the greatest common divisor of 76383610 and 10?
10
What is the highest common factor of 23079 and 396606?
147
What is the highest common factor of 829423 and 49?
49
What is the greatest common divisor of 738 and 312295770?
738
Calculate the highest common factor of 28843 and 299.
1
What is the highest common factor of 2886 and 98293?
13
Calculate the highest common factor of 1969704 and 288.
72
Calculate the greatest common factor of 4108915 and 1660.
415
Calculate the highest common divisor of 231462 and 6485094.
1386
What is the highest common factor of 2195 and 114378377?
439
What is the greatest common divisor of 20 and 468322790?
10
Calculate the greatest common factor o